be (-6)/4*(h - 0). What is the greatest common factor of g and 24?
12
Suppose 6 + 5 = u. Suppose i = -4*i + 20. Suppose i*f - 23 = -l, l + 0*l = 2*f + 5. What is the highest common divisor of l and u?
11
Let h = -21 - -17. Let k = 8 + h. Calculate the greatest common factor of 2 and k.
2
Suppose -l - 10 = -6*l. Let q be 1*((-1)/1 + l). Let b = q - -6. What is the greatest common factor of b and 14?
7
Let x = 8 - 5. Let r = -69 + 379. Suppose x*c + 75 - 275 = k, r = 5*c + 3*k. What is the greatest common divisor of c and 13?
13
Let b(s) = 4*s**2 - 6*s + 9. Let c = -12 + 5. Let t be b(c). Suppose -723 = -4*k - t. What is the highest common factor of k and 17?
17
Let k = -85 + 154. Let x be k - (-2 - -1)*1. Calculate the highest common divisor of x and 14.
14
Let k be 3 + 0*1/(-2). Let d(a) = 2*a - 16. Let f be d(8). Suppose 0 = -k*n - f*n + 6. What is the greatest common factor of 4 and n?
2
Let h = 417 + -208. What is the highest common factor of 19 and h?
19
Let x = 18 - 1. Suppose -3*w + 4 = -2. Let l be 0/w - (-15 - 2). Calculate the highest common factor of x and l.
17
Let r(z) = z + 7. Let x be r(9). What is the greatest common factor of x and 48?
16
Let k(h) = 11*h + 7. Let d be k(3). Calculate the highest common divisor of d and 10.
10
Let j(p) = -p - 15. Let t be j(-19). What is the highest common factor of t and 32?
4
Suppose 5*t - 15 = 0, 133 + 834 = 4*g + 5*t. What is the greatest common factor of g and 34?
34
Let j(p) = -p**3 - 4*p**2 - 4*p - 5. Let b be j(-4). Suppose 0 = -3*u + b + 22. Calculate the greatest common factor of 1 and u.
1
Let o = 682 - 412. Suppose 4*u = 170 - 50. What is the greatest common factor of o and u?
30
Let m = -66 + 69. Calculate the greatest common factor of m and 2.
1
Suppose -6*o - 4 = -5*o, 2*m - 5*o = 676. Calculate the greatest common factor of 41 and m.
41
Let t = 0 + -5. Let m = 9 + t. What is the greatest common factor of m and 4?
4
Suppose 0 = -7*q + 17*q - 150. What is the highest common factor of q and 105?
15
Suppose 3*r + 0 - 6 = 0. Suppose 32 = 5*z - 68. What is the highest common factor of z and r?
2
Let g = 185 + -108. What is the greatest common divisor of 7 and g?
7
Let z = 17 - -31. What is the highest common divisor of z and 6?
6
Let s = 132 - 115. Let c(i) = -307*i + 2. Let o be c(2). Let w be (2/(-4))/(2/o). Calculate the highest common divisor of s and w.
17
Let x(q) = -q**3 - q**2 - q - 3. Let o be x(0). Let g be o - ((-4)/2 + -11). Suppose g - 1 = 3*s. What is the highest common factor of s and 2?
1
Let t(m) = -4*m - 1. Let z be t(-2). Let l = 10 - z. Let r(n) = 4*n - 2. Let k be r(5). What is the highest common divisor of k and l?
3
Let r(h) = 13*h**2 + 2*h + 1. Let m be r(-1). What is the greatest common divisor of m and 6?
6
Let b = 90 + -31. Let c = -13 - -8. Let r = c + b. Calculate the highest common factor of r and 6.
6
Let a = 11 + 4. What is the highest common factor of a and 15?
15
Let n be 84/(-8)*(-2)/1. Let s = -3 + n. What is the highest common factor of s and 45?
9
Let q(a) = 4*a**2 + a. Let h be q(1). Suppose 4*k + 10 + 45 = -h*b, -85 = 4*b - 5*k. Let d be (-2)/5 - 456/b. Calculate the greatest common divisor of 6 and d.
6
Let t be -1 - ((-3)/(-1) - 109). Calculate the greatest common factor of t and 35.
35
Let t = 12 - 10. Suppose -3*z = 2*m - 20, -4*z = -3*z + t*m. Calculate the highest common divisor of 25 and z.
5
Let x be -5*(-8)/20*29. Let d = 40 + x. Calculate the highest common divisor of d and 14.
14
Let d = 24 - 16. What is the highest common divisor of 2 and d?
2
Suppose 351 = -4*p + 7*p. Calculate the highest common divisor of 13 and p.
13
Let h(q) = 3*q + 12. Let g(a) = a**3 + 13*a**2 - 2*a - 17. Let r be g(-13). Let w be h(r). Calculate the highest common factor of w and 13.
13
Let n(w) = w**3 + 6*w**2 + 5*w + 4. Let a be n(-5). Suppose -y + 2*o + 37 = -0*y, -157 = -5*y - a*o. What is the greatest common factor of 3 and y?
3
Let z be (3 - 92/6)*-6. Let i = -42 + z. What is the greatest common factor of i and 8?
8
Let f(d) = d + 7. Let p be f(-7). Let v be -1 + 906/(2 - p). Suppose -t - v = -5*i - 0*t, -2*i - 5*t = -197. Calculate the highest common divisor of 13 and i.
13
Let l be 2/(-4) - 1785/(-6). Calculate the highest common factor of l and 27.
27
Let t = 76 - 41. Let f be (-2)/(-14) + 192/28. Calculate the greatest common factor of f and t.
7
Let z = 252 + -7. Calculate the greatest common divisor of z and 98.
49
Suppose -3*l - 15 = 6. Let c(g) = g**2 + 6*g + 9. Let h be c(l). Let t be (-7)/(63/(-240))*3. What is the highest common factor of h and t?
16
Suppose 11 = 3*k - 13. Suppose -4*t + k = -8. Calculate the highest common divisor of t and 28.
4
Suppose -5*f = -119 - 56. What is the greatest common factor of f and 14?
7
Let f(i) = -2*i**3 + 14*i**2 + 2*i + 3. Let a be f(7). Let t be (72/(-10))/(a/(-85)). Calculate the greatest common factor of 4 and t.
4
Suppose 0 = -0*g + 4*g - 324. Let o be 2/((-8)/(-5) - 2). Let m = o + 14. What is the greatest common factor of m and g?
9
Let c be ((-156)/(-15))/(14/385). What is the highest common factor of c and 26?
26
Let s be (-4)/18 + 3912/108. Calculate the greatest common divisor of 9 and s.
9
Let c(n) = n - 1. Let a = 1 - -2. Let f be c(a). Suppose 0*d - f*d = -2. Calculate the highest common factor of d and 9.
1
Suppose -5 - 5 = -5*n, -2*s = 2*n + 8. Let u be 904/16 + s/4. Let r be 10/u + (-218)/(-11). What is the highest common divisor of r and 10?
10
Let k be (177/(-12))/((-2)/8). Suppose 4*n = 3*y - 14 - 35, n + k = 5*y. What is the highest common divisor of 11 and y?
11
Let t(f) = f - 3. Let q be t(-2). Let b be (-4 + q/(-2))*-12. Calculate the greatest common divisor of b and 2.
2
Let i be (-284)/(-10) + 6/10. Let s = -3 + i. Calculate the greatest common factor of s and 78.
26
Let n be -1*56*36/(-18). What is the highest common divisor of n and 28?
28
Let z = 17 + -14. Let c be z/(3*1/55). Calculate the greatest common factor of 11 and c.
11
Suppose 0 = 89*q - 94*q + 30. What is the highest common factor of 30 and q?
6
Let a = -92 - -112. What is the highest common factor of a and 10?
10
Suppose 6*y + 18 = 4*y - 4*d, -4*y = -2*d - 14. What is the highest common factor of 3 and y?
1
Let a = 63 - 53. Calculate the greatest common factor of a and 70.
10
Suppose 8*u - 10 = 3*u. Let g be u/12 - 570/(-36). Let f = -295 - -471. Calculate the greatest common divisor of f and g.
16
Let q(v) = -v + 77. Let t be q(0). What is the highest common divisor of 11 and t?
11
Let k be (-4)/10 - 1452/(-55). What is the greatest common factor of k and 208?
26
Let s(y) = -y**2 + 16*y - 32. Let c be s(13). Let l(q) = q**3 + 8*q**2 + 4*q + 8. Let k be l(-6). Calculate the greatest common divisor of k and c.
7
Let y = -79 - -149. Suppose 4*j + j - y = 0. Calculate the highest common divisor of j and 7.
7
Let g(t) = t**2 - t + 76. Let d be g(0). Suppose -29 = -5*q + d. What is the highest common divisor of q and 21?
21
Suppose -35*j = -33*j - 154. What is the greatest common divisor of 21 and j?
7
Let n = 8 + -3. What is the highest common divisor of n and 5?
5
Let n be -22*(-3)/(-1 - -7). Calculate the greatest common divisor of n and 33.
11
Let t = -267 - -395. Suppose 4*s + 3*s + 21 = 0. Let j(l) = l**2 - 4*l - 5. Let o be j(s). What is the highest common factor of o and t?
16
Let f(h) = -h**3 + 20. Let y be f(0). Suppose 4*d = -p + 723, -p - 903 = -5*d - 2*p. Calculate the greatest common factor of d and y.
20
Let o = 6 + -4. Suppose -l = 4*p + 3*l - 16, 0 = -2*p + l - 7. Let j be o*(p + 3)/4. Calculate the highest common divisor of j and 2.
1
Let v be (-2)/(-9) + (-94)/18. Let o be 3/(-12) + v/(-4). Let m(x) = -x**2 + 16*x - 21. Let l be m(14). Calculate the greatest common divisor of l and o.
1
Suppose -4*g + 5*l + 27 = 0, -3*g - 3*l + 17 = -10. Calculate the greatest common divisor of 56 and g.
8
Suppose 3*m - 270 = m. What is the highest common divisor of 15 and m?
15
Let v(i) = i**3 - 5*i**2 - 5*i - 3. Let p be v(6). Let z(y) = -13*y + 30. Let f be z(0). What is the greatest common factor of p and f?
3
Suppose b - 12 = -3*b. What is the greatest common divisor of b and 3?
3
Suppose 500 = 8*c - 508. Calculate the highest common divisor of 36 and c.
18
Let f = 5 - 5. Suppose 12 = 2*b - 2*v - f*v, -v = 2. 